. Let l = m - -18. Suppose 2*w = -2*t + l, -2*w + w = -t - 73. What is the tens digit of w?
7
Let x(p) = 2*p**2 + 10*p + 8. Let q be x(-9). Suppose -181 = -4*i - 153. Suppose 0 = i*f - q - 11. What is the tens digit of f?
1
Let j be ((-210)/(-6) - -5) + -1. Let x(b) = -b**2 + 48*b - 239. What is the hundreds digit of x(j)?
1
Let z = 103 + -127. Let n = -24 - z. What is the tens digit of n/(-11 - -6) - (-127 + -2)?
2
Let l be 4*(-4)/(-16)*5. Let r be (36/33)/(128/(-22) - -6). Suppose 0 = -2*q - r, q + 821 = l*h - q. What is the units digit of h?
3
Let k(c) = 2*c**2 + 40*c - 13. What is the units digit of k(-80)?
7
Suppose -3*l = -9, 84*l - 17900 = -4*k + 88*l. What is the tens digit of k?
7
Let t(n) = 3*n**2 - 51*n + 70. Let s(v) = 4*v**2 - 76*v + 105. Let c(d) = -5*s(d) + 7*t(d). Let j be c(-17). Let r = j + 195. What is the units digit of r?
8
Let i(b) = -b**2 - 3*b + 75. Let y be i(7). Suppose -d = -4*v + 1470 - 416, y*v = d + 1317. What is the hundreds digit of v?
2
Suppose -4*u + 0*r = -3*r - 868, u - 217 = -4*r. Suppose t - u = -7. Suppose -3*c + a = -t, -5*a = -0*a. What is the units digit of c?
0
Let m be (123/(-36)*-153)/(3/8). Suppose -4*r = -50*f + 47*f + 4177, f - r = m. What is the tens digit of f?
9
Let t(r) = -r**2 - 6*r - 6. Let a be t(-4). Suppose -k = 4*p - 280 + 7, 576 = a*k + 2*p. What is the hundreds digit of k?
2
Let p = 1571 - 2214. Let d = 569 - p. What is the thousands digit of d?
1
Let j = -4598 - -21562. What is the thousands digit of j?
6
Let y(r) = 104*r - 79. Let a be y(17). Suppose 0 = 4*f - 2*w - 6812, -10*f = -11*f - 3*w + a. What is the units digit of f?
1
Let g = -587 + 6517. What is the tens digit of g?
3
Let v(r) = -63 + 0*r + 14*r + 2*r + 2*r. What is the tens digit of v(18)?
6
Suppose -132907 = -6*m + 4415. What is the hundreds digit of m?
8
Let c(s) = 743*s**2 + 95*s + 348. What is the thousands digit of c(-4)?
1
Suppose -3*h = 5*h - 16. Suppose h*p - 2*u - 60 = 0, -p - u = p - 72. What is the units digit of p?
4
Let h(t) = 2*t**3 - 34*t**2 - 60*t + 32. Let s be h(17). Let q = -533 - s. What is the units digit of q?
5
Suppose 33 = b - 1. Suppose 0 = 4*c + b - 474. What is the hundreds digit of c?
1
Let i(f) be the third derivative of -f**6/40 - f**5/10 - 7*f**4/24 - 5*f**3/3 - 10*f**2 + 8*f. What is the units digit of i(-3)?
8
Let a(r) = 71*r**3 - 8*r**2 - 17*r - 38. Let y be a(9). What is the tens digit of y/100 - 2/10?
0
Suppose -104830*w + 104812*w + 205758 = 0. What is the thousands digit of w?
1
Suppose -5*w + 97026 = x, 3*w - 4827 = -5*x + 53415. What is the thousands digit of w?
9
Let b = 26658 - -11890. What is the thousands digit of b?
8
Suppose 2*h + 14*y = 13*y + 13423, -13438 = -2*h + 4*y. What is the tens digit of h?
1
Suppose -58*k + 665457 = -967881. What is the ten thousands digit of k?
2
Let x = 14761 - 8668. What is the thousands digit of x?
6
Suppose 0*o + 20 = 3*o - 2*h, 20 = o - 4*h. Suppose -2*m = o*c - 130, 3*c - 198 = 48*m - 51*m. What is the units digit of m?
7
Suppose 0 = -7*v + 5*o + 397434, 4*o = -8*v + 10*v - 113550. What is the tens digit of v?
7
Let u = 5093 - -16967. What is the units digit of u?
0
Let u be -2*95/20*(2 + 0). Let q = u - 4. Let w = q - -40. What is the tens digit of w?
1
Let z(x) = 19*x**2 + 55*x - 1278. What is the tens digit of z(23)?
3
Suppose 31675 = j - 16817. What is the units digit of j?
2
Let k(o) = 645*o**2 + 68*o - 6. What is the thousands digit of k(5)?
6
Suppose -19*i = -23*i - 80. What is the tens digit of 6/15 - 4172/i?
0
Suppose 302*h - 307*h = -730. Suppose -d + 82 = 3*n, 5*n - 3*d = -14 + h. What is the units digit of n?
7
Let x(b) be the third derivative of 325*b**4/24 - 4*b**3/3 - 15*b**2. What is the units digit of x(1)?
7
Suppose 0 = 25*h + 10*h - 162120. Let g = h + -3107. What is the tens digit of g?
2
Let d(h) = h**3 - 6*h**2 + 4. Suppose -5*i + 35 = 5*a, -2*i - 4*a + 12 + 4 = 0. Let p be d(i). Suppose p*n = 105 + 151. What is the units digit of n?
4
Suppose -2*r = 10, 2*x + 4*r - 16800 = -0*r. What is the thousands digit of x?
8
Let t = 16 - 33. Let k(b) = 5*b - 31. Let w be k(t). Let z = -64 - w. What is the units digit of z?
2
Let g = 12252 - 159. What is the units digit of g?
3
Let z be (0 - -1 - -208)*1. Suppose 5*c + 695 = -5*n, n = -0*n + 2*c - 136. Let r = n + z. What is the units digit of r?
1
Suppose -5*v - 11 = -3*p - 21, -5 = -p. Let k(r) = -19*r - 93. Let o(x) = -10*x - 47. Let s(f) = 4*k(f) - 9*o(f). What is the tens digit of s(v)?
2
Let k be (-14)/(-3) - 2/(-6) - 5. What is the hundreds digit of (-13)/(143/55)*(-169 - k)?
8
Let g(x) = -1004*x + 63. Let z be g(-9). Suppose -18*p = 2169 - z. What is the units digit of p?
5
Let w = 277 + -268. Let j = 426 - 174. Suppose -j = -w*m + 5*m. What is the units digit of m?
3
Let z = -592 - -5043. What is the tens digit of z?
5
What is the thousands digit of (-6 + 2 - 2) + 7 - -5422?
5
What is the ten thousands digit of ((-12158)/5)/((-132)/(-90) + 125/(-75))?
1
Let l = -482 - -6924. What is the tens digit of l?
4
Let u(r) = r**3 - 7*r**2 - 19*r + 11. Let x be u(9). Suppose 0*d + 384 = x*d + 4*v, -3*d - 4*v + 586 = 0. What is the units digit of d?
2
Let j = -5 + 5. Suppose -8*p + p + 336 = j. Suppose -312 - p = -4*s. What is the tens digit of s?
9
Suppose 0 = -20*a + 15*a + 30. Suppose -19 + 1 = -a*h. Suppose -h*j - 86 = -4*j. What is the units digit of j?
6
Let t(g) = -9*g + 2. Let o be t(-1). What is the tens digit of 53*(3 + -8 + o)?
1
Let h = -80 + 30. Let y = h - -60. What is the units digit of 188/6 - y/30?
1
Suppose -6*b - 180 = -b. Let a = b - -79. Suppose n = 2*m + 41, m + a = n + 2. What is the tens digit of n?
4
Let y be ((-2)/(-3))/(341902/42735 - 8). Let g = y - 444. What is the tens digit of g?
5
Let t = -11526 - -22235. What is the hundreds digit of t?
7
What is the units digit of 21/(-8)*6*(65 + 3)*-1?
1
Let o = -67 - -118. Let t = o + 211. Suppose 2*j = 4*a + t, -452 - 52 = -4*j + 4*a. What is the hundreds digit of j?
1
Suppose 31*z + 6 = 33*z. Let x(w) = 21*w - 12*w - 16 - z + 45*w. What is the tens digit of x(3)?
4
Suppose -5*c = -3346 - 45360 - 16719. What is the tens digit of c?
8
What is the thousands digit of (-13145)/10*-8 + -14?
0
Suppose -10*v + 37464 + 24771 = -26755. What is the tens digit of v?
9
Let z(v) = -8*v**2 + 5*v - 13. Let r be z(3). Let i = 42 - r. What is the units digit of i?
2
Let m be 378/36*(-2)/(-3). Suppose 0 = -33*s + m*s + 15470. What is the tens digit of s?
9
Let w be (-6 - -2)*((-105)/(-12) + -2). Let p be (14/(-3))/(1/w). Suppose -10*v + 9*v = -p. What is the hundreds digit of v?
1
Let d(w) = 34*w**3 - 2*w**2 - 2*w + 4. Suppose -3 = -n, -3*n = -2*s - 3*s - 4. What is the tens digit of d(s)?
3
Suppose -3*x = 2*k - 7960, 4*k + 4539 = -4*x + 15151. What is the units digit of x?
4
Let y = 17 + -17. Suppose y = -6*l + 190 + 206. What is the tens digit of l?
6
Let s(c) = -2*c**3 + 5*c - 3. Let r be s(3). What is the tens digit of (664/(-6) - -2)/(14/r)?
2
Let v = 1543 + 7161. What is the thousands digit of v?
8
Let i(w) = -47*w**2 + 6*w - 3. Let o be i(-3). Let k = o - -624. What is the units digit of k?
0
Suppose 0 = -18*d + 94439 + 98287. What is the hundreds digit of d?
7
Let s(v) = 2*v**2 - 21*v. Let k be -3*(14/6)/7*16. Let z be s(k). Suppose 0 = -2*c + p - 6*p + 396, 4*c - z = 4*p. What is the tens digit of c?
0
Let w(q) = -17*q + 66. Let l be w(-13). Suppose a = 6*a + 3*h - 10, 0 = -2*a + 5*h + 35. Suppose 2*c + a*c = l. What is the units digit of c?
1
Suppose 0*o = o + 3*j + 11, -3*o - 5*j - 17 = 0. Let v be (-4)/(o + -2)*(-35)/(-28). Suppose 3*p + 348 = v*p. What is the tens digit of p?
7
Let v = 12195 + -6629. What is the hundreds digit of v?
5
Let c = -5547 + 5865. What is the tens digit of c?
1
What is the hundreds digit of (-178473)/(-30) - 40/400?
9
Let v(i) = 6 - 6*i**2 - 28*i - 3847*i**3 - 2*i**2 + 3846*i**3 - 4*i**2. What is the units digit of v(-10)?
6
Let p(l) = -2*l + 13. Let t(s) = -4*s + 26. Let d(h) = 13*p(h) - 6*t(h). Let c(a) = a**3 - 6*a**2 - 55*a + 5. Let q be c(11). What is the units digit of d(q)?
3
Suppose 0 = 4*r - 11 - 53. Suppose -r*j + 32 = -12*j. Suppose 2*y = -2*x + 32, j*y = -3*x + 4*y + 49. What is the units digit of x?
5
What is the thousands digit of (765269/(-2038))/((-21)/20 + 1)?
7
Let u = 